en w(27) is divided by 3?
2
Suppose -2*q = -5*q + 12. Suppose 75 - 191 = q*l. Let z = 42 + l. What is the remainder when 25 is divided by z?
12
Let d be 3 + 1 + 1 + -3. Suppose -w + 36 = 3*o - d*w, -o + 4*w + 12 = 0. Calculate the remainder when 58 is divided by o.
10
Let u(w) = -2*w**2 - 5*w + 121. What is the remainder when u(0) is divided by 18?
13
Let j = -312 - -346. Calculate the remainder when 746 is divided by j.
32
Let h(t) = t**3 - 30*t**2 - 25*t - 106. What is the remainder when 399 is divided by h(31)?
79
Let l(o) = -o**2 - 6*o + 5. Let i be l(-5). Suppose -i = -3*h - 34. What is the remainder when (-3)/(-4) - 186/h is divided by 14?
10
Suppose -104*d - 192 = -116*d. What is the remainder when d is divided by 11?
5
Suppose 0 = -2*x - 4*m + 6*m + 30, -5*x - 2*m + 68 = 0. Let z be 4/((-12)/9) + x. Let d = 0 + z. Calculate the remainder when d is divided by 6.
5
Let a(n) = -4*n + 73. Calculate the remainder when 216 is divided by a(9).
31
Let k(w) = w**2 - 5*w + 6. Let x be 19/6 + 2/(-12). Suppose -u - x + 11 = 0. Calculate the remainder when k(u) is divided by 8.
6
Suppose 5*h + 53 = -2*p, 5*h + 7 = -4*p - 44. Let k(y) = y**3 - 25*y**2 - 52*y - 43. Let i be k(27). What is the remainder when 62 is divided by (-13)/1*h/i?
10
Let m(s) = 37*s**2 + 1. Suppose 0 = 5*q - 38 - 37. Calculate the remainder when m(-1) is divided by (q/4)/(6/16).
8
Let h = 1 + 3. Let m be (69/(-92))/(1/(-24)). Suppose 22 = h*o - m. What is the remainder when 26 is divided by o?
6
Let w = -125 + 163. What is the remainder when 173 is divided by w?
21
Let z(l) = -20*l + 2. Calculate the remainder when 148 is divided by z(-2).
22
Let v = 2 + 24. Suppose h - v = -2*k, -2*h + 6*h = 3*k + 148. Calculate the remainder when h is divided by 18.
16
Suppose 4*a + 83 = k, -6*k - a + 281 = -2*k. What is the remainder when k is divided by (48 - (2 - (-2 - 3))) + -5?
35
What is the remainder when -6 + -10 + 7 + 56 is divided by 17?
13
Let q = 82 + -59. What is the remainder when 104 is divided by q?
12
Suppose -2*q = -3*t - 465, -2*t - 305 = -4*q + q. Let b = -111 - t. Calculate the remainder when b is divided by (16 + 2)/((-3)/(-2)).
10
Suppose -19*q - 263 = 3. Suppose 0*v - 69 = -3*v. Let y = v + q. What is the remainder when 32 is divided by y?
5
Let z = -2853 + 2951. Calculate the remainder when 300 is divided by z.
6
Let t(b) = -b**2 - 16*b + 3. Let s be t(-16). Suppose -s*a + a - 24 = 0. What is the remainder when 44 is divided by 36 + a - (-1)/(-1)?
21
Let g = -39 - -39. Suppose -3*m - 2*u - 273 = -8*m, g = -m - u + 56. What is the remainder when m is divided by 19?
17
Let t be 556/14 - (-4)/14. Suppose 6*f - t = -4*f. What is the remainder when (9 - -3) + 2 + -1 is divided by f?
1
Suppose 3*v - 4*w = -653, -2*v - 442 = 2*w - 3*w. Let y = -158 - v. Let g = 18 - 1. Calculate the remainder when y is divided by g.
14
Let v(l) = l - 6. Let i be v(8). Let m(w) = w**2 - i - 5 + 8*w + 3 - 11*w. Calculate the remainder when m(5) is divided by 2.
0
Calculate the remainder when 88/132 - (-824)/6 is divided by 64.
10
Suppose -69 = 4*n + 3*r + 15, -4*r = -5*n - 136. Let c = -18 - n. Calculate the remainder when -2*3/c + 115 is divided by 29.
27
Suppose 27 + 57 = 6*g. Suppose -39 = 11*x - g*x. Calculate the remainder when 23 is divided by x.
10
Let w(t) = -2*t - 2. Suppose -5*m - 33 = -o, 106 = -o + 3*o - 2*m. Suppose 4*c - 2*c = o. Calculate the remainder when c is divided by w(-6).
9
Let t = 10 + -6. Suppose 2*y = t*g - 0*y - 190, g - y = 48. What is the remainder when g is divided by 24?
23
Let k = -1422 + 1475. Calculate the remainder when 262 is divided by k.
50
Let f(c) = 19*c**3 - c**2 + 2*c - 2. Suppose -3*q + 5 = 2. Calculate the remainder when 49 is divided by f(q).
13
Let s(a) = a**3 - 39*a**2 - 34*a - 161. What is the remainder when 231 is divided by s(40)?
73
Let d be -114 - (9/(-12) - 1/4). Let b = -26 - d. What is the remainder when b is divided by 11?
10
Let j(f) = 3*f**2 + 18*f + 9. Let l(y) = -3*y - 8. Calculate the remainder when l(-9) is divided by j(-6).
1
Suppose -141*s - 2145 = -156*s. What is the remainder when s is divided by 25?
18
Let s(h) = 2*h. Suppose -290 = -5*o + 5*n, -2 = -n + 2. Let c = o - 35. What is the remainder when c is divided by s(5)?
7
Let s(d) = d**2 - 9*d - 47. Let w be s(14). Suppose -5*r + w = -27. What is the remainder when 38 is divided by r?
8
Let k = 358 - 297. What is the remainder when k is divided by 4?
1
Let y be (5 - 0/5) + -4. Calculate the remainder when y/((14/(-21))/((-82)/3)) is divided by 24.
17
Suppose 2*h - 49 - 47 = 3*s, -s = 2. Calculate the remainder when 1391 is divided by h.
41
Let y = 17 - 13. Suppose 114 = -l + y*l. Suppose -5*b = -3*k + 32, -l = -k - k - 5*b. Calculate the remainder when 40 is divided by k.
12
Let u(z) = -10*z + 3. Calculate the remainder when 386 is divided by u(-4).
42
Let s be (-4)/(-2) + 46/2. What is the remainder when 139 is divided by (0 - s/(-10))*14?
34
Let n = 47 - 49. Calculate the remainder when (38/5)/(1/5) is divided by 6/(-3) - n*6.
8
Let y(x) = x - 6. Let s be y(7). What is the remainder when 32 is divided by (-131)/(-7) - (-2)/7 - s?
14
Let h(j) = -j**2 - 40*j - 114. What is the remainder when 173 is divided by h(-35)?
51
What is the remainder when 383 is divided by (-1)/(((-98)/(-385))/(-14))?
53
Let k = 59 + -70. What is the remainder when 38 is divided by 26 - (-5 - (k + 2))?
16
Let d(x) = -3*x + 19. Let z(h) = -2*h + 12. Let u be z(10). Suppose 2*n - 17 - 5 = 0. What is the remainder when d(u) is divided by n?
10
Let z = 23 + -17. Suppose z*j - 61 = 23. What is the remainder when 111 is divided by j?
13
Let r = -100 - -101. Suppose -4*i - 3 - 7 = -2*u, -5*u - 5*i = -100. Calculate the remainder when u is divided by 1 + 2*3 + (r - -1).
6
Suppose -3*q - 125 = -170. What is the remainder when (-2)/8 - 1407/(-12) is divided by q?
12
Let v = 50 - 27. Let c(u) = u**3 + 8*u**2 + 5*u - 9. Let g be 10/(-4)*2 + -2. What is the remainder when v is divided by c(g)?
3
Let x(n) = n**3 + 10*n**2 + 13*n - 17. Calculate the remainder when x(-8) is divided by 2.
1
What is the remainder when (-604)/(-1) - (-113 + 124) is divided by 33?
32
Suppose 2908 = 84*t - 1124. What is the remainder when 378 is divided by t?
42
Let r be (-258)/4*20/(-30). Let c = r + -33. Suppose s + 2*b - c = -2*b, -2*b = 5*s - 68. Calculate the remainder when 68 is divided by s.
12
Let l be (1*(-48 + 2))/(-2). Suppose 5*z + l = 6*z. What is the remainder when 112 is divided by z?
20
Suppose 5*k + 2*w + 62 = 0, -6*w - 40 = 3*k - 2*w. Let v = k - -21. Calculate the remainder when 16 is divided by v.
7
Let w(c) be the third derivative of -1/8*c**4 - 3*c**2 + 0*c + 0 - 1/6*c**3. What is the remainder when 25 is divided by w(-5)?
11
Let t be (-2 - -2) + (-8)/(-2). Suppose -2*z - 18 = -3*z - t*h, 4*z - h - 4 = 0. Let s(w) = 18*w - 1. Calculate the remainder when s(z) is divided by 12.
11
Let v = 55 + -54. What is the remainder when v is divided by (-1)/2*-1*2?
0
Let m = -459 + 507. Calculate the remainder when 173 is divided by m.
29
Let y(v) = -v**2 - 21*v + 72. Suppose 5*d - 19 - 21 = 0. Suppose -3*i = 2*m - 50, 76 = 4*i + d*m - 3*m. What is the remainder when y(-23) is divided by i?
12
Let m(i) be the third derivative of -i**6/120 + 11*i**5/60 + i**3/2 + 3*i**2. Calculate the remainder when 14 is divided by m(11).
2
Let o(y) = -y**2 - 9*y - 6. Let s be o(-8). Calculate the remainder when (-20)/(-10) + (61 - s) is divided by 16.
13
Let q be 2/((-4)/3*9/(-186)). Let g = -19 + q. Calculate the remainder when g is divided by (-21)/(-2)*(-2)/(-3).
5
Let l(k) = -3*k - 4. Suppose 4 = -5*i - 6. Let q be l(i). Suppose h + 4*c - 79 = -q*h, -5 = -h + 4*c. What is the remainder when 60 is divided by h?
18
What is the remainder when 79 is divided by (-90)/(-8)*(9 - 5) - 5?
39
Let h(d) = 2*d**2 - d + 4. Suppose 2 = -2*m - 0, -4*y - 4*m = -4. Calculate the remainder when 78 is divided by h(y).
8
Let p = 40 - 38. Suppose 3*n = -p*n + 1395. Calculate the remainder when n is divided by 47.
44
Suppose -4*r + 28 = -3*k, -5*r = 4*k - k - 8. Suppose 3*g + r*h + 1 = -4, 0 = -3*g + 4*h + 35. Calculate the remainder when 108/g - (-32)/80 is divided by 5.
2
Calculate the remainder when 249 is divided by (-304)/(-6) - ((-15)/(-9) + -1).
49
Let 